et w(q) = 33*q**2 - 29*q + 112. Let y(v) = 3*s(v) + 7*w(v). Is y(6) a prime number?
False
Let f be 1*153*204/9. Let a = -305 + 309. Suppose 2*z - 5*p = -z + 2615, a*z - 2*p - f = 0. Is z a prime number?
False
Suppose -568 = 5*r - 12358. Let v = 17 + -12. Suppose -4*z = 8, -4*f + v*z = -0*z - r. Is f a prime number?
True
Suppose -11*s + 71 + 50 = 0. Suppose 0 = 9*m - s*m + 52. Suppose -m*l + 22*l = -452. Is l a composite number?
False
Suppose 4*x = 2*u + x - 1237, 3*x = 4*u - 2477. Suppose -5*t + 2366 + u = -z, -3*t + 5*z = -1774. Let v = 897 - t. Is v composite?
True
Suppose 8*t = 4*t + 20. Suppose m + 4*l + 87 = -0*l, t*m - 5*l + 385 = 0. Is (m + 0)*-39 + 32/8 a composite number?
True
Let w = -29721 - -43027. Is w a prime number?
False
Let y be 4/2*800 + -2. Suppose r - m = -0*r + y, -5*r + 7986 = -4*m. Is r a composite number?
True
Let r(t) = 20079*t**2 + 132*t - 17. Is r(-6) composite?
True
Suppose 4*r - 13023 = -6*a + 5*a, -4*r + 26042 = 2*a. Suppose -23482 = -3*q + 5*g, -3*q = 3*g - a - 10471. Is q a prime number?
True
Let z(t) = -t**2 - 8*t - 1. Let w be z(-11). Let h be 2/((1/w)/(-1)). Suppose 184 = 5*k - 3*y, 3*k = -5*y + 22 + h. Is k prime?
False
Suppose -231081 = -38*k - 13*k. Is k composite?
True
Suppose 25 = 5*b - 2*f + 3*f, 0 = 5*f. Let z be 6/(b - 52/8). Is (222/z)/(-1)*(-10220)/(-210) composite?
True
Let x(l) = -5 + 15 + 1 - 15258*l - 21774*l. Is x(-1) a prime number?
False
Let f = 66 + -66. Suppose 6*r - 7 - 11 = f. Suppose -3*p = -l - 130 + 1029, 5*l + r*p = 4423. Is l prime?
True
Suppose 0 = -5*l - 8*l + 9685. Let o = -162 + l. Is o a composite number?
True
Suppose 5*r - 2119 = -2*t, -2*t - r - 400 + 2531 = 0. Let h = t - 366. Is h a composite number?
False
Suppose 3*p = 2*z - 1, -1 = -4*z - 3*p + 10. Let l be ((-1)/z)/((-4)/24). Let i(q) = 35*q**3 + q**2 + 4. Is i(l) prime?
False
Let x = 78687 - 6686. Is x a composite number?
True
Suppose -2*c - 2*n + 540840 = 0, 2*c = 8*c - 4*n - 1622470. Is c composite?
True
Let y(n) = 4975*n**2 + 101*n + 508. Is y(-5) a prime number?
False
Let w(h) = -2*h**3 - 2 - 10*h**2 - h**3 - 1 + 15*h. Let g(b) = 10*b**2 - 121*b + 2. Let m be g(12). Is w(m) composite?
False
Suppose 0 = -5*g + m + 47568, -2*g - 5677 = 4*m - 24691. Let n = -5042 + g. Is n composite?
True
Let h = -160827 + 435212. Is h prime?
False
Let j = 438 - 433. Suppose -j*k + w = -9*k + 9403, -2354 = -k + 3*w. Is k a prime number?
True
Let y(a) = -191*a**3 - 10*a**2 - 51*a - 303. Is y(-7) a composite number?
True
Suppose 0 = -44*v + 55*v - 22. Is v/2*(10104 - 2) composite?
True
Let r be (51 - 5/(-5)) + -4. Let d = r - 45. Suppose -3*g + 961 = -g + 3*y, -1436 = -d*g + y. Is g a prime number?
True
Let a(o) = -2*o**2 + 2*o. Let c be a(0). Suppose -5*m - 2*g = -20, c*m = -2*m - 2*g + 8. Suppose 0 = -m*i + 621 - 25. Is i a composite number?
False
Let c = 261 - 280. Let j(b) = 6*b**2 + 17*b + 39. Is j(c) a composite number?
True
Let q = -209 - -996. Suppose -q = 106*n - 107*n. Is n a composite number?
False
Let o = -125 + 161. Is (-8)/o - (-237105)/81 a prime number?
True
Suppose 48*s - 41*s + 5368096 = 39*s. Is s a prime number?
False
Let j = 125061 - 32342. Is j composite?
True
Let r = -10 + 8. Let s be 9 + r/((-1)/(-1)). Is 1325/6 - (6 - s)/6 a prime number?
False
Let f = -239267 + 409708. Is f a composite number?
False
Let y be ((-36)/8 - -1*4)*4. Let z(f) be the first derivative of -177*f**2/2 + f - 2. Is z(y) a composite number?
True
Let s(j) = -13*j**3 - j**2. Let x be s(-1). Let p(r) be the third derivative of 19*r**4/12 - 3*r**3/2 - 7*r**2. Is p(x) composite?
True
Let s(n) = -n - 1 + 1 - 3 - 1. Let k be s(-4). Suppose k = 11*o - 7*o - 2676. Is o composite?
True
Let c = -2867 + 179. Let a = c + 5236. Suppose 5*i - 3*t + 4*t - 3169 = 0, 4*i - a = -4*t. Is i a prime number?
False
Suppose y - 4*o - 3090 = 0, -y - y - 2*o = -6180. Is 6 + y/(-18)*-3 prime?
True
Let x(a) = -a**2 + 8*a + 20. Let g be x(8). Suppose -g = -4*q - 16. Is (470 - q - 2)*(7 - 0) composite?
True
Let l(w) = -68*w**2 - 25. Let m(s) = -34*s**2 - 13. Let q(r) = -4*l(r) + 7*m(r). Let v be 4/14 + (-60)/14. Is q(v) a composite number?
True
Let c(y) be the third derivative of -15*y**4/2 - 4*y**3 + 25*y**2. Let r be c(-8). Suppose -3029 = -5*x + r. Is x prime?
False
Let g(z) = z**2 - 17*z - 10702. Let r be g(0). Let s = r + 18341. Is s composite?
False
Suppose -k + 3*z - 2*z = -1132, 5*k = -z + 5678. Let v = 374 + 1254. Let u = v - k. Is u composite?
True
Let l(m) = 6*m - 14. Let c be l(8). Suppose n - 2277 = -4*h, 0 = 5*h + c - 14. Is n prime?
True
Let f(q) be the third derivative of 43*q**5/40 - q**4/6 - 11*q**3/6 - 10*q**2. Let n(h) be the first derivative of f(h). Is n(2) prime?
False
Is (-1188954)/(-3) - (11 - 4) composite?
False
Let u(z) = z**3 - 7*z**2 + 26*z + 17. Suppose -5*q + 26 = -3*q. Is u(q) composite?
True
Let a = -97 + 111. Let t(i) = 459*i - 95. Is t(a) a composite number?
True
Let y = -3304 + 4697. Suppose 295 = 8*h - y. Is h prime?
True
Suppose 0 = -3*t + 2*h - 3*h + 83, 8 = 4*h. Let v be (-755)/(-3) + 9/t. Let n = v + -110. Is n a composite number?
True
Let o = 1 + 39. Let w = 35 - o. Is (5138/1)/(w + 7) composite?
True
Let d be (-8)/(-68) - 21756/(-34). Suppose d = -5*l + 2405. Suppose -l = -5*t + 692. Is t a composite number?
True
Suppose 5*l = 20, -3*y + 4*y - 18 = -5*l. Let g be (y - -1) + -4 + 7. Suppose -q + g*w = -3*w - 682, q = 4*w + 679. Is q a composite number?
True
Let v(g) = -43*g**2 + 9*g - 5. Let i(d) = 86*d**2 - 19*d + 10. Let t(b) = -4*i(b) - 9*v(b). Suppose -2*u - 32 = 2*u - 5*y, 0 = -3*y + 12. Is t(u) prime?
False
Suppose -f - 12 = f - 2*k, f = 5*k - 22. Let a be (f - -1 - 0)*-2671. Suppose 4*h + a + 2618 = 5*i, -2*i + 5*h + 2102 = 0. Is i a composite number?
False
Let h(g) = 2*g**3 - 83*g**2 + 38*g + 129. Let p be h(41). Let v(d) = -3*d + 229. Is v(p) composite?
False
Suppose 15252 = n + r - 39708, -3*r = 2*n - 109915. Is n a composite number?
True
Let d = -748304 + 1895739. Is d prime?
False
Let v = 395 - 237. Suppose 0 = -5*p - 5*k + 185, 4*p + 10 = -k + v. Is p a composite number?
False
Let t(m) = 933*m - 2194. Is t(177) a prime number?
True
Let f be (-1)/16 - (-23)/368. Suppose -4*h = 2*t - 1240, -618 = -0*t - t - h. Suppose f = -5*d + 4069 + t. Is d prime?
True
Suppose 115*z + 33997 = 116*z. Is z a composite number?
False
Let o(p) = p + 4. Let a be o(-4). Suppose -r - 2*j = a, 0*r + 2*r + 5*j + 1 = 0. Suppose -5*d + 263 = -2*h - 2571, -2826 = -5*d - r*h. Is d prime?
False
Suppose 2*i - 3*t - 2*t = 206, 5*i - 2*t - 515 = 0. Suppose -73 - i = -2*x. Suppose -93*q + x*q = -7715. Is q prime?
True
Suppose 192712 = 37*k - 24*k. Suppose -k + 87250 = 6*q. Is q a prime number?
True
Let j(l) = -l**3 - 26*l**2 - 5*l + 22. Let x be j(-29). Suppose 18 = y - 3*h, -3*h = y - 0*h + 12. Suppose x = 3*i + 2*t, 0 = -y*t - 0 - 6. Is i a prime number?
False
Let z(a) = 179*a**3 - 17*a**2 + 34*a - 119. Is z(7) a composite number?
True
Let b be (-13838)/(-165) + (-4)/(-30). Let q = 589 - b. Is q composite?
True
Suppose -2*n - 3*f = 17 + 11, -f = 0. Let p be (n + (-3 - -6))*(-1 - 0). Let m(a) = 5*a - 2. Is m(p) composite?
False
Let f(c) = -5*c**2 + 12*c. Let a be f(-10). Let q = a + 2155. Is q a composite number?
True
Let l(r) = 46*r**2 + 75*r - 1241. Is l(48) a composite number?
False
Suppose 0 = 16*g - 14*g - 18678. Let m be -3 + 110*5 + 4. Suppose -g - m = -4*q + 3*c, -5*q = 5*c - 12345. Is q composite?
True
Let j(a) = 6*a**3 - 4*a**2 - 11*a + 21. Let x be j(6). Let s = x - 460. Is s prime?
True
Suppose 5*g - 34 + 6 = -4*m, m = 4*g - 35. Let u be (-3)/12 - (-82)/g. Suppose u*y - 549 = 281. Is y a prime number?
True
Suppose m + 60*m = 4838093. Is m a composite number?
True
Let j(t) = 5*t - 35. Let o be j(8). Suppose 5*y + o*g = 5225, 5*g = -y + 319 + 710. Is y prime?
True
Suppose 4*k + 6411 = 10*k - 51195. Is k a prime number?
True
Let v(k) = 2*k**3 - 33*k**2 - 16*k - 4. Let b be v(17). Let c(o) = 237*o - 154. Is c(b) a prime number?
True
Let z(p) = 2*p - 6. Let k be z(8). Suppose -47*y + 45*y = -k. Suppose -5*n + y*f + 3755 = 0, f = -5*n + 4*f + 3759. Is n a prime number?
False
Let a(y) = 2491*y**2 + 3. Is a(-2) a composite number?
False
Suppose x + 11 = 13. Suppose -2179 = -y - x*t, -4*t - 3884 = -2*y + 474. Is y a prime number?
True
Suppose 4